{"id":1886,"date":"2024-09-19T08:50:58","date_gmt":"2024-09-19T11:50:58","guid":{"rendered":"https:\/\/kikodobem.com\/?post_type=product&#038;p=1886"},"modified":"2025-05-07T19:06:14","modified_gmt":"2025-05-07T22:06:14","slug":"melatonina-5mg-30-casulas-100-natural-excelente-p-insonia-tristeza","status":"publish","type":"product","link":"https:\/\/kikodobem.com\/?product=melatonina-5mg-30-casulas-100-natural-excelente-p-insonia-tristeza","title":{"rendered":"MELATONINA 5MG 30 C\u00c1SULAS 100% NATURAL EXCELENTE P\/ INS\u00d4NIA TRISTEZA"},"content":{"rendered":"<strong>MELATONINA PHARMENNI &amp; SOROPOWER \u2013 30 C\u00e1psulas de Mat\u00e9ria-Prima Importada dos EUA<\/strong>\r\n\r\n<strong>Descri\u00e7\u00e3o do Produto:<\/strong>\r\nA <strong>Melatonina<\/strong> \u00e9 um horm\u00f4nio produzido naturalmente pela gl\u00e2ndula pineal, com a fun\u00e7\u00e3o vital de regular o ciclo circadiano e garantir o bom funcionamento do organismo. Sua a\u00e7\u00e3o antioxidante tamb\u00e9m fortalece o sistema imune, protegendo contra doen\u00e7as e auxiliando na sa\u00fade mental e f\u00edsica.\r\n\r\n<strong>Por que escolher a Melatonina PHARMENNI &amp; SOROPOWER?<\/strong>\r\n<ul>\r\n \t<li><strong>Mat\u00e9ria-prima importada dos Estados Unidos:<\/strong> Garantia de qualidade.<\/li>\r\n \t<li><strong>Suporte ao sono natural:<\/strong> Ajuda a promover uma noite de sono reparador.<\/li>\r\n<\/ul>\r\n<strong>Principais Benef\u00edcios da Melatonina PHARMENNI &amp; SOROPOWER:<\/strong>\r\n<ol>\r\n \t<li><strong>Melhora a Qualidade do Sono:<\/strong>\r\nEstudos mostram que a melatonina ajuda a regular o sono, diminuindo o tempo necess\u00e1rio para adormecer e aumentando o tempo total de sono. Ideal para tratar ins\u00f4nia em adultos e crian\u00e7as.<\/li>\r\n \t<li><strong>A\u00e7\u00e3o Antioxidante:<\/strong>\r\nA melatonina fortalece o sistema imunol\u00f3gico e ajuda na preven\u00e7\u00e3o de doen\u00e7as relacionadas ao sistema nervoso, como <strong>glaucoma<\/strong>, <strong>Alzheimer<\/strong>, <strong>c\u00e2ncer de mama e pr\u00f3stata<\/strong>, <strong>retinopatia<\/strong> e <strong>fibromialgia<\/strong>.<\/li>\r\n \t<li><strong>Tratamento da Depress\u00e3o Sazonal:<\/strong>\r\nA melatonina ajuda a regular o humor e o sono, sendo eficaz no tratamento da depress\u00e3o sazonal, que \u00e9 comum durante o inverno em regi\u00f5es de pouca luz solar.<\/li>\r\n \t<li><strong>Redu\u00e7\u00e3o da Acidez Estomacal:<\/strong>\r\nAuxilia no controle do refluxo gastroesof\u00e1gico, diminuindo a produ\u00e7\u00e3o de \u00e1cido no est\u00f4mago e proporcionando al\u00edvio para problemas de acidez.<\/li>\r\n<\/ol>\r\n<strong>Uso e Dosagem:<\/strong>\r\nTomar <strong>1 c\u00e1psula ao dia<\/strong> antes de dormir, ou conforme orienta\u00e7\u00e3o m\u00e9dica.\r\n\r\n<strong>Mensagem do Diretor:<\/strong>\r\n&#8220;Estou farto de ver a Ind\u00fastria Farmac\u00eautica dificultar tratamentos eficazes por valorizar os lucros mais do que as vidas.&#8221;\r\n<strong>BY:<\/strong> &#8220;CANAL SA\u00daDE PERFEITA COM KIKO DO BEM&#8221;.\r\n\r\n<strong>Atenciosamente,<\/strong>\r\nJos\u00e9 Francisco Rodrigues (KIKO),\r\nDiretor das Empresas: <strong>SOROCOCO, LADIR, SOROPOWER<\/strong> e da Farm\u00e1cia de Manipula\u00e7\u00e3o e Formula\u00e7\u00e3o <strong>&#8220;PHARMENNI&#8221;<\/strong>.\r\n\u201cSe semeamos o BEM, N\u00c3O precisamos nos preocupar com o dia de amanh\u00e3.&#8221; (G\u00e1latas 6:7)\r\n\r\n<strong>Prazo para Postagem:<\/strong> 1 dia \u00fatil\r\n\r\n&nbsp;","protected":false},"excerpt":{"rendered":"<p><strong>Por que escolher a Melatonina PHARMENNI &amp; SOROPOWER?<\/strong><\/p>\n<ul>\n<li><strong>Mat\u00e9ria-prima importada dos Estados Unidos:<\/strong> Garantia de qualidade.<\/li>\n<li><strong>Suporte ao sono natural:<\/strong> Ajuda a promover uma noite de sono reparador.<\/li>\n<\/ul>\n<p><strong>Principais Benef\u00edcios da Melatonina PHARMENNI &amp; SOROPOWER:<\/strong><\/p>\n<ol>\n<li><strong>Melhora a Qualidade do Sono:<\/strong><br \/>\nEstudos mostram que a melatonina ajuda a regular o sono, diminuindo o tempo necess\u00e1rio para adormecer e aumentando o tempo total de sono. Ideal para tratar ins\u00f4nia em adultos e crian\u00e7as.<\/li>\n<li><strong>A\u00e7\u00e3o Antioxidante:<\/strong><br \/>\nA melatonina fortalece o sistema imunol\u00f3gico e ajuda na preven\u00e7\u00e3o de doen\u00e7as relacionadas ao sistema nervoso, como <strong>glaucoma<\/strong>, <strong>Alzheimer<\/strong>, <strong>c\u00e2ncer de mama e pr\u00f3stata<\/strong>, <strong>retinopatia<\/strong> e <strong>fibromialgia<\/strong>.<\/li>\n<li><strong>Tratamento da Depress\u00e3o Sazonal:<\/strong><br \/>\nA melatonina ajuda a regular o humor e o sono, sendo eficaz no tratamento da depress\u00e3o sazonal, que \u00e9 comum durante o inverno em regi\u00f5es de pouca luz solar.<\/li>\n<li><strong>Redu\u00e7\u00e3o da Acidez Estomacal:<\/strong><br \/>\nAuxilia no controle do refluxo gastroesof\u00e1gico, diminuindo a produ\u00e7\u00e3o de \u00e1cido no est\u00f4mago e proporcionando al\u00edvio para problemas de acidez.<\/li>\n<\/ol>\n","protected":false},"featured_media":1887,"comment_status":"open","ping_status":"closed","template":"","meta":[],"product_brand":[],"product_cat":[18],"product_tag":[688,173,156,686,685,687,689],"class_list":{"0":"post-1886","1":"product","2":"type-product","3":"status-publish","4":"has-post-thumbnail","6":"product_cat-manipulados","7":"product_tag-acidez","8":"product_tag-antioxidante","9":"product_tag-depressao","10":"product_tag-depressao-sazonal","11":"product_tag-fibromialgia","12":"product_tag-reducao-da-acidez-estomaca","13":"product_tag-tag","15":"first","16":"instock","17":"taxable","18":"shipping-taxable","19":"purchasable","20":"product-type-simple"},"_links":{"self":[{"href":"https:\/\/kikodobem.com\/index.php?rest_route=\/wp\/v2\/product\/1886","targetHints":{"allow":["GET"]}}],"collection":[{"href":"https:\/\/kikodobem.com\/index.php?rest_route=\/wp\/v2\/product"}],"about":[{"href":"https:\/\/kikodobem.com\/index.php?rest_route=\/wp\/v2\/types\/product"}],"replies":[{"embeddable":true,"href":"https:\/\/kikodobem.com\/index.php?rest_route=%2Fwp%2Fv2%2Fcomments&post=1886"}],"wp:featuredmedia":[{"embeddable":true,"href":"https:\/\/kikodobem.com\/index.php?rest_route=\/wp\/v2\/media\/1887"}],"wp:attachment":[{"href":"https:\/\/kikodobem.com\/index.php?rest_route=%2Fwp%2Fv2%2Fmedia&parent=1886"}],"wp:term":[{"taxonomy":"product_brand","embeddable":true,"href":"https:\/\/kikodobem.com\/index.php?rest_route=%2Fwp%2Fv2%2Fproduct_brand&post=1886"},{"taxonomy":"product_cat","embeddable":true,"href":"https:\/\/kikodobem.com\/index.php?rest_route=%2Fwp%2Fv2%2Fproduct_cat&post=1886"},{"taxonomy":"product_tag","embeddable":true,"href":"https:\/\/kikodobem.com\/index.php?rest_route=%2Fwp%2Fv2%2Fproduct_tag&post=1886"}],"curies":[{"name":"wp","href":"https:\/\/api.w.org\/{rel}","templated":true}]}}