{"id":2063,"date":"2024-10-03T11:57:48","date_gmt":"2024-10-03T14:57:48","guid":{"rendered":"https:\/\/kikodobem.com\/?post_type=product&#038;p=2063"},"modified":"2024-10-03T11:57:49","modified_gmt":"2024-10-03T14:57:49","slug":"odorfim-soropower-100-natural-2","status":"publish","type":"product","link":"https:\/\/kikodobem.com\/?product=odorfim-soropower-100-natural-2","title":{"rendered":"OdorFim Soropower 100% Natural"},"content":{"rendered":"<strong>OdorFim Soropower!<\/strong>\r\n\r\n<strong>Chega de desconforto e mau h\u00e1lito!<\/strong>\r\nApresentamos\u00a0<strong>OdorFim Soropower<\/strong>, o mais novo suplemento alimentar desenvolvido para promover al\u00edvio imediato do desconforto causado pelos gases no est\u00f4mago e intestino, al\u00e9m de eliminar o mau h\u00e1lito proveniente desses problemas digestivos.\r\n<strong>F\u00f3rmula avan\u00e7ada com Chlorella, Vitaminas E e Minerais em c\u00e1psulas<\/strong>! Essa combina\u00e7\u00e3o poderosa age de forma eficaz no combate aos odores indesej\u00e1veis, oferecendo a voc\u00ea mais conforto e frescor no dia a dia.\r\n\r\n<strong>Benef\u00edcios de OdorFim Soropower:<\/strong>\r\n<ul>\r\n \t<li><strong>Melhora o conforto digestivo<\/strong>: Alivia o incha\u00e7o e desconforto causados por gases estomacais e intestinais.<\/li>\r\n \t<li><strong>Neutraliza o mau h\u00e1lito<\/strong>: Combate o mau cheiro originado pelos \u00e1cidos digestivos, proporcionando um h\u00e1lito mais fresco.<\/li>\r\n \t<li><strong>A\u00e7\u00e3o Detox com Chlorella<\/strong>: Essa alga \u00e9 conhecida por suas propriedades desintoxicantes, auxiliando na limpeza do organismo.<\/li>\r\n \t<li><strong>A\u00e7\u00e3o antioxidante com Vitamina E<\/strong>: Protege suas c\u00e9lulas contra os danos dos radicais livres, promovendo sa\u00fade e bem-estar.<\/li>\r\n \t<li><strong>Equil\u00edbrio digestivo<\/strong>: Os minerais essenciais ajudam no bom funcionamento do trato digestivo, reduzindo a forma\u00e7\u00e3o de gases.<\/li>\r\n<\/ul>\r\n<strong>Por que escolher OdorFim Soropower?<\/strong>\r\nSe voc\u00ea sofre com gases que geram desconforto e afetam seu h\u00e1lito,\u00a0<strong>OdorFim Soropower<\/strong>\u00a0\u00e9 a solu\u00e7\u00e3o ideal! Sua f\u00f3rmula \u00fanica ajuda a neutralizar os \u00e1cidos respons\u00e1veis pelo mau cheiro, promovendo bem-estar e confian\u00e7a para enfrentar o dia.\r\n<strong>Frescura e conforto em cada c\u00e1psula!<\/strong>\r\n\r\n<strong>OdorFim Soropower &#8211; Para quem busca al\u00edvio e qualidade de vida!<\/strong>\r\n<table border=\"0\" width=\"100%\" cellspacing=\"0\" cellpadding=\"0\">\r\n<tbody>\r\n<tr>\r\n<td><strong>PRONTA ENTREGA!!\r\nCOMPRE COM TRANQUILIDADE E SEGURAN\u00c7A!\r\n\r\nEstou farto de ver a Ind\u00fastria Farmac\u00eautica dificultar tratamentos eficazes\u2026 por valorizar os lucros muito mais do que as vidas. BY: &#8220;DR. KIKO DO BEM CANAL SA\u00daDE PERFEITA&#8221;.\r\n\r\nMuito obrigado pela visita e boas compras!!\r\n\r\nAtenciosamente, Jos\u00e9 Francisco Rodrigues (KIKO), Diretor das Empresas: SOROCOCO, LADIR E SOROPOWER\r\n\r\nACOMPANHE NAS REDES SOCIAIS O &#8220;DR. KIKO DO BEM&#8221;\r\n\r\n&#8220;Se semeamos o BEM, N\u00c3O precisamos nos preocupar com o dia de amanh\u00e3&#8221;.\r\n\r\nG\u00e1latas Cap\u00edtulo 6 Vers\u00edculo 7<\/strong>\r\n<strong>\u2022 Prazo para postagem:\u00a01 dia \u00fatil<\/strong><\/td>\r\n<\/tr>\r\n<\/tbody>\r\n<\/table>","protected":false},"excerpt":{"rendered":"<p><strong>OdorFim Soropower!<\/strong><\/p>\n<p><strong>Chega de desconforto e mau h\u00e1lito!<\/strong><br \/>\nApresentamos\u00a0<strong>OdorFim Soropower<\/strong>, o mais novo suplemento alimentar desenvolvido para promover al\u00edvio imediato do desconforto causado pelos gases no est\u00f4mago e intestino, al\u00e9m de eliminar o mau h\u00e1lito proveniente desses problemas digestivos.<br \/>\n<strong>F\u00f3rmula avan\u00e7ada com Chlorella, Vitaminas E e Minerais em c\u00e1psulas<\/strong>! Essa combina\u00e7\u00e3o poderosa age de forma eficaz no combate aos odores indesej\u00e1veis, oferecendo a voc\u00ea mais conforto e frescor no dia a dia.<\/p>\n<p><strong>Benef\u00edcios de OdorFim Soropower:<\/strong><\/p>\n<ul>\n<li><strong>Melhora o conforto digestivo<\/strong>: Alivia o incha\u00e7o e desconforto causados por gases estomacais e intestinais.<\/li>\n<li><strong>Neutraliza o mau h\u00e1lito<\/strong>: Combate o mau cheiro originado pelos \u00e1cidos digestivos, proporcionando um h\u00e1lito mais fresco.<\/li>\n<li><strong>A\u00e7\u00e3o Detox com Chlorella<\/strong>: Essa alga \u00e9 conhecida por suas propriedades desintoxicantes, auxiliando na limpeza do organismo.<\/li>\n<li><strong>A\u00e7\u00e3o antioxidante com Vitamina E<\/strong>: Protege suas c\u00e9lulas contra os danos dos radicais livres, promovendo sa\u00fade e bem-estar.<\/li>\n<li><strong>Equil\u00edbrio digestivo<\/strong>: Os minerais essenciais ajudam no bom funcionamento do trato digestivo, reduzindo a forma\u00e7\u00e3o de gases.<\/li>\n<\/ul>\n","protected":false},"featured_media":2064,"comment_status":"open","ping_status":"closed","template":"","meta":[],"product_brand":[],"product_cat":[69],"product_tag":[],"class_list":{"0":"post-2063","1":"product","2":"type-product","3":"status-publish","4":"has-post-thumbnail","6":"product_cat-suplementos","8":"first","9":"instock","10":"taxable","11":"shipping-taxable","12":"purchasable","13":"product-type-simple"},"_links":{"self":[{"href":"https:\/\/kikodobem.com\/index.php?rest_route=\/wp\/v2\/product\/2063","targetHints":{"allow":["GET"]}}],"collection":[{"href":"https:\/\/kikodobem.com\/index.php?rest_route=\/wp\/v2\/product"}],"about":[{"href":"https:\/\/kikodobem.com\/index.php?rest_route=\/wp\/v2\/types\/product"}],"replies":[{"embeddable":true,"href":"https:\/\/kikodobem.com\/index.php?rest_route=%2Fwp%2Fv2%2Fcomments&post=2063"}],"wp:featuredmedia":[{"embeddable":true,"href":"https:\/\/kikodobem.com\/index.php?rest_route=\/wp\/v2\/media\/2064"}],"wp:attachment":[{"href":"https:\/\/kikodobem.com\/index.php?rest_route=%2Fwp%2Fv2%2Fmedia&parent=2063"}],"wp:term":[{"taxonomy":"product_brand","embeddable":true,"href":"https:\/\/kikodobem.com\/index.php?rest_route=%2Fwp%2Fv2%2Fproduct_brand&post=2063"},{"taxonomy":"product_cat","embeddable":true,"href":"https:\/\/kikodobem.com\/index.php?rest_route=%2Fwp%2Fv2%2Fproduct_cat&post=2063"},{"taxonomy":"product_tag","embeddable":true,"href":"https:\/\/kikodobem.com\/index.php?rest_route=%2Fwp%2Fv2%2Fproduct_tag&post=2063"}],"curies":[{"name":"wp","href":"https:\/\/api.w.org\/{rel}","templated":true}]}}