{"id":404,"date":"2024-05-28T14:34:53","date_gmt":"2024-05-28T14:34:53","guid":{"rendered":"https:\/\/ladir.net\/?post_type=product&#038;p=404"},"modified":"2025-05-07T20:52:55","modified_gmt":"2025-05-07T23:52:55","slug":"pirodoxina-vitamina-b6-150mg-60-capsulas","status":"publish","type":"product","link":"https:\/\/kikodobem.com\/?product=pirodoxina-vitamina-b6-150mg-60-capsulas","title":{"rendered":"PIRODOXINA &#8211; VITAMINA B6 150MG 60 C\u00c1PSULAS"},"content":{"rendered":"<iframe loading=\"lazy\" title=\"Vitamina B6 B9 B12 Metilcobalamina e Fo Ti C\u00e9rebro funcionar\u00e1 BEM e o SNC tamb\u00e9m Whats 15-99644-8181\" width=\"500\" height=\"281\" src=\"https:\/\/www.youtube.com\/embed\/vXR9joeiV0M?feature=oembed\" frameborder=\"0\" allow=\"accelerometer; autoplay; clipboard-write; encrypted-media; gyroscope; picture-in-picture; web-share\" referrerpolicy=\"strict-origin-when-cross-origin\" allowfullscreen><\/iframe>\r\n\r\n&nbsp;\r\n\r\n<strong>Vitamina B6 (Piridoxina) SOROPOWER<\/strong>\r\n\r\nA Vitamina B6 da SOROPOWER, tamb\u00e9m conhecida como piridoxina, \u00e9 um suplemento de alta qualidade feito com mat\u00e9ria-prima importada dos Estados Unidos. Este micronutriente essencial desempenha diversas fun\u00e7\u00f5es no organismo, participando de rea\u00e7\u00f5es metab\u00f3licas, especialmente aquelas relacionadas com os amino\u00e1cidos e enzimas, que regulam processos qu\u00edmicos importantes. Al\u00e9m disso, a piridoxina \u00e9 crucial para o desenvolvimento e funcionamento do sistema nervoso, protegendo os neur\u00f4nios e auxiliando na produ\u00e7\u00e3o de neurotransmissores.\r\n\r\n&nbsp;\r\n\r\n<strong>Fontes Naturais de Vitamina B6:<\/strong>\r\n\r\n&nbsp;\r\n\r\nA vitamina B6 est\u00e1 presente em diversos alimentos, como bananas, peixes (especialmente salm\u00e3o), frango, camar\u00e3o e avel\u00e3s. Al\u00e9m disso, essa vitamina \u00e9 sintetizada pela microbiota intestinal, o que destaca a import\u00e2ncia de uma dieta equilibrada e saud\u00e1vel.\r\n\r\n&nbsp;\r\n\r\n<strong>Benef\u00edcios da Vitamina B6:<\/strong>\r\n\r\n&nbsp;\r\n<ol>\r\n \t<li><strong> Promover a Produ\u00e7\u00e3o de Energia:<\/strong><\/li>\r\n<\/ol>\r\nA vitamina B6 atua como coenzima em v\u00e1rias rea\u00e7\u00f5es metab\u00f3licas, ajudando no metabolismo dos amino\u00e1cidos, gorduras e prote\u00ednas. Tamb\u00e9m \u00e9 vital para a produ\u00e7\u00e3o de neurotransmissores, essenciais para o funcionamento do sistema nervoso.\r\n\r\n<strong>\u00a0<\/strong>\r\n<ol start=\"2\">\r\n \t<li><strong> Aliviar os Sintomas de TPM:<\/strong><\/li>\r\n<\/ol>\r\nEstudos sugerem que a vitamina B6 pode reduzir a severidade dos sintomas de tens\u00e3o pr\u00e9-menstrual (TPM), como irritabilidade, falta de concentra\u00e7\u00e3o e ansiedade. A vitamina B6, ao participar do metabolismo de neurotransmissores como a serotonina, pode influenciar positivamente esses sintomas.\r\n\r\n&nbsp;\r\n<ol start=\"3\">\r\n \t<li><strong> Prevenir Doen\u00e7as Card\u00edacas:<\/strong><\/li>\r\n<\/ol>\r\nO consumo de vitamina B6 pode diminuir o risco de doen\u00e7as card\u00edacas, reduzindo a inflama\u00e7\u00e3o e os n\u00edveis de homociste\u00edna, um amino\u00e1cido que, em altas concentra\u00e7\u00f5es, pode danificar as art\u00e9rias. A vitamina B6 ajuda a degradar a homociste\u00edna, prevenindo seu ac\u00famulo.\r\n\r\n&nbsp;\r\n<ol start=\"4\">\r\n \t<li><strong> Melhorar o Sistema Imunol\u00f3gico:<\/strong><\/li>\r\n<\/ol>\r\nA vitamina B6 regula a resposta do sistema imunol\u00f3gico, ajudando na defesa contra doen\u00e7as, incluindo inflama\u00e7\u00f5es e alguns tipos de c\u00e2ncer. Ela aumenta a efici\u00eancia das defesas naturais do corpo.\r\n\r\n&nbsp;\r\n<ol start=\"5\">\r\n \t<li><strong> Aliviar N\u00e1useas e Enjoos na Gravidez:<\/strong><\/li>\r\n<\/ol>\r\nDurante a gravidez, a vitamina B6 pode ajudar a reduzir n\u00e1useas e v\u00f4mitos. As gestantes devem incluir alimentos ricos em vitamina B6 na dieta e considerar suplementos apenas com orienta\u00e7\u00e3o m\u00e9dica.\r\n\r\n&nbsp;\r\n<ol start=\"6\">\r\n \t<li><strong> Prevenir a Depress\u00e3o:<\/strong><\/li>\r\n<\/ol>\r\nA vitamina B6 est\u00e1 associada \u00e0 produ\u00e7\u00e3o de serotonina, um neurotransmissor que regula o humor. A ingest\u00e3o adequada de B6 pode reduzir o risco de depress\u00e3o e ansiedade. Defici\u00eancias de vitaminas do complexo B est\u00e3o ligadas a altos n\u00edveis de homociste\u00edna, que podem aumentar o risco de depress\u00e3o e dem\u00eancia.\r\n\r\n&nbsp;\r\n<ol start=\"7\">\r\n \t<li><strong> Aliviar os Sintomas de Artrite Reumatoide:<\/strong><\/li>\r\n<\/ol>\r\nA vitamina B6 pode diminuir a inflama\u00e7\u00e3o em casos de artrite reumatoide e s\u00edndrome do t\u00fanel do carpo, aliviando os sintomas devido \u00e0 sua a\u00e7\u00e3o mediadora da resposta inflamat\u00f3ria do organismo.\r\n\r\n<strong>\u00a0<\/strong>\r\n\r\n<strong>Sugest\u00e3o de Uso:<\/strong>\r\n\r\n&#8211; Tomar 1 a 2 c\u00e1psulas diariamente.\r\n\r\n&nbsp;\r\n\r\n<strong>Mensagem do Diretor:<\/strong>\r\n\r\n&#8220;Estou farto de ver a Ind\u00fastria Farmac\u00eautica dificultar tratamentos eficazes por valorizar os lucros mais do que as vidas.&#8221;\r\n\r\n<strong>\u00a0<\/strong>\r\n\r\n<strong>BY: &#8220;CANAL: DR. KIKO DO BEM CANAL SA\u00daDE PERFEITA&#8221;<\/strong>\r\n\r\n&nbsp;\r\n\r\nMuito obrigado pela visita e boas compras!\r\n\r\n&nbsp;\r\n\r\n<strong>Atenciosamente, Jos\u00e9 Francisco Rodrigues (KIKO)<\/strong>\r\n\r\nDiretor das Empresas: SOROCOCO, LADIR, SOROPOWER e da Farm\u00e1cia de Manipula\u00e7\u00e3o e Formula\u00e7\u00e3o &#8220;PHARMENNI&#8221;.\r\n\r\n&nbsp;\r\n\r\n<strong>Redes Sociais:<\/strong>\r\n\r\nProcure por &#8220;KIKO DO BEM&#8221; ou &#8220;DRKIKODOBEM&#8221; no YouTube, Instagram, TikTok, Facebook, Twitter e muito mais.\r\n\r\n&nbsp;\r\n\r\n<strong>Mensagem Inspiradora:<\/strong>\r\n\r\n&#8220;Se semeamos o BEM, N\u00c3O precisamos nos preocupar com o dia de amanh\u00e3. \u00c9 por isso que quem planta vento colhe tempestade&#8230; Seja SEMPRE do BEM.&#8221; &#8211; G\u00e1latas Cap\u00edtulo 6 Vers\u00edculo 7\r\n\r\n&nbsp;\r\n\r\n<strong>Informa\u00e7\u00f5es de Postagem:<\/strong>\r\n\r\n&#8211; Prazo para postagem: 1 dia \u00fatil.","protected":false},"excerpt":{"rendered":"<p><strong>Vitamina B6 (Piridoxina) SOROPOWER<\/strong><\/p>\n<p>A Vitamina B6 da SOROPOWER, tamb\u00e9m conhecida como piridoxina, \u00e9 um suplemento de alta qualidade feito com mat\u00e9ria-prima importada dos Estados Unidos. Este micronutriente essencial desempenha diversas fun\u00e7\u00f5es no organismo, participando de rea\u00e7\u00f5es metab\u00f3licas, especialmente aquelas relacionadas aos amino\u00e1cidos e enzimas, que regulam processos qu\u00edmicos importantes. Al\u00e9m disso, a piridoxina \u00e9 crucial para o desenvolvimento e funcionamento do sistema nervoso, protegendo os neur\u00f4nios e auxiliando na produ\u00e7\u00e3o de neurotransmissores.<\/p>\n<p><strong>\u00a0<\/strong><\/p>\n<p><strong>Fontes Naturais de Vitamina B6:<\/strong><\/p>\n<p>A vitamina B6 est\u00e1 presente em diversos alimentos, como bananas, peixes (especialmente salm\u00e3o), frango, camar\u00e3o e avel\u00e3s. Al\u00e9m disso, essa vitamina \u00e9 sintetizada pela microbiota intestinal, o que destaca a import\u00e2ncia de uma dieta equilibrada e saud\u00e1vel.<\/p>\n<p><strong>\u00a0<\/strong><\/p>\n<p><strong>Benef\u00edcios da Vitamina B6:<\/strong><\/p>\n<p><strong>\u00a0<\/strong><\/p>\n<p><strong>Promove a Produ\u00e7\u00e3o de Energia:<\/strong><\/p>\n<p>A vitamina B6 atua como coenzima em v\u00e1rias rea\u00e7\u00f5es metab\u00f3licas, ajudando no metabolismo dos amino\u00e1cidos, gorduras e prote\u00ednas. Tamb\u00e9m \u00e9 vital para a produ\u00e7\u00e3o de neurotransmissores, essenciais para o funcionamento do sistema nervoso.<\/p>\n<p><strong>\u00a0<\/strong><\/p>\n<p><strong>Alivia os Sintomas de TPM:<\/strong><\/p>\n<p>Estudos sugerem que a vitamina B6 pode reduzir a severidade dos sintomas de tens\u00e3o pr\u00e9-menstrual (TPM), como irritabilidade, falta de concentra\u00e7\u00e3o e ansiedade. A vitamina B6, ao participar do metabolismo de neurotransmissores como a serotonina, pode influenciar positivamente esses sintomas.<\/p>\n<p><strong>\u00a0<\/strong><\/p>\n<p><strong>Previne Doen\u00e7as Card\u00edacas:<\/strong><\/p>\n<p>O consumo de vitamina B6 pode diminuir o risco de doen\u00e7as card\u00edacas, reduzindo a inflama\u00e7\u00e3o e os n\u00edveis de homociste\u00edna, um amino\u00e1cido que, em altas concentra\u00e7\u00f5es, pode danificar as art\u00e9rias. A vitamina B6 ajuda a degradar a homociste\u00edna, prevenindo seu ac\u00famulo.<\/p>\n<p><strong>\u00a0<\/strong><\/p>\n<p><strong>Melhora o Sistema Imunol\u00f3gico:<\/strong><\/p>\n<p>A vitamina B6 regula a resposta do sistema imunol\u00f3gico, ajudando na defesa contra doen\u00e7as, incluindo inflama\u00e7\u00f5es e alguns tipos de c\u00e2ncer. Ela aumenta a efici\u00eancia das defesas naturais do corpo.<\/p>\n<p><strong>\u00a0<\/strong><\/p>\n<p><strong>Alivia N\u00e1useas e Enjoos na Gravidez:<\/strong><\/p>\n<p>Durante a gravidez, a vitamina B6 pode ajudar a reduzir n\u00e1useas e v\u00f4mitos. As gestantes devem incluir alimentos ricos em vitamina B6 na dieta e considerar suplementos apenas com orienta\u00e7\u00e3o m\u00e9dica.<\/p>\n<p><strong>\u00a0<\/strong><\/p>\n<p><strong>Previne a Depress\u00e3o:<\/strong><\/p>\n<p>A vitamina B6 est\u00e1 associada \u00e0 produ\u00e7\u00e3o de serotonina, um neurotransmissor que regula o humor. A ingest\u00e3o adequada de B6 pode reduzir o risco de depress\u00e3o e ansiedade. Defici\u00eancias de vitaminas do complexo B est\u00e3o ligadas a altos n\u00edveis de homociste\u00edna, que podem aumentar o risco de depress\u00e3o e dem\u00eancia.<\/p>\n<p><strong>\u00a0<\/strong><\/p>\n<p><strong>Alivia os Sintomas de Artrite Reumatoide:<\/strong><\/p>\n<p>A vitamina B6 pode diminuir a inflama\u00e7\u00e3o em casos de artrite reumatoide e s\u00edndrome do t\u00fanel do carpo, aliviando os sintomas devido \u00e0 sua a\u00e7\u00e3o mediadora da resposta inflamat\u00f3ria do organismo.<\/p>\n<p><strong>\u00a0<\/strong><\/p>\n<p><strong>Sugest\u00e3o de Uso:<\/strong><\/p>\n<p>Tomar 1 a 2 c\u00e1psulas diariamente.<\/p>\n","protected":false},"featured_media":405,"comment_status":"open","ping_status":"closed","template":"","meta":[],"product_brand":[],"product_cat":[18,670],"product_tag":[156,153,157,158,152,155,151,150,154],"class_list":{"0":"post-404","1":"product","2":"type-product","3":"status-publish","4":"has-post-thumbnail","6":"product_cat-manipulados","7":"product_cat-vitaminas-100-naturais","8":"product_tag-depressao","9":"product_tag-doencas-cardiacas","10":"product_tag-enjoos","11":"product_tag-gravidez","12":"product_tag-mental","13":"product_tag-nauseas","14":"product_tag-neuronios","15":"product_tag-neuronios-novos","16":"product_tag-sistema-imunologico","18":"first","19":"instock","20":"taxable","21":"shipping-taxable","22":"purchasable","23":"product-type-simple"},"_links":{"self":[{"href":"https:\/\/kikodobem.com\/index.php?rest_route=\/wp\/v2\/product\/404","targetHints":{"allow":["GET"]}}],"collection":[{"href":"https:\/\/kikodobem.com\/index.php?rest_route=\/wp\/v2\/product"}],"about":[{"href":"https:\/\/kikodobem.com\/index.php?rest_route=\/wp\/v2\/types\/product"}],"replies":[{"embeddable":true,"href":"https:\/\/kikodobem.com\/index.php?rest_route=%2Fwp%2Fv2%2Fcomments&post=404"}],"wp:featuredmedia":[{"embeddable":true,"href":"https:\/\/kikodobem.com\/index.php?rest_route=\/wp\/v2\/media\/405"}],"wp:attachment":[{"href":"https:\/\/kikodobem.com\/index.php?rest_route=%2Fwp%2Fv2%2Fmedia&parent=404"}],"wp:term":[{"taxonomy":"product_brand","embeddable":true,"href":"https:\/\/kikodobem.com\/index.php?rest_route=%2Fwp%2Fv2%2Fproduct_brand&post=404"},{"taxonomy":"product_cat","embeddable":true,"href":"https:\/\/kikodobem.com\/index.php?rest_route=%2Fwp%2Fv2%2Fproduct_cat&post=404"},{"taxonomy":"product_tag","embeddable":true,"href":"https:\/\/kikodobem.com\/index.php?rest_route=%2Fwp%2Fv2%2Fproduct_tag&post=404"}],"curies":[{"name":"wp","href":"https:\/\/api.w.org\/{rel}","templated":true}]}}