{"id":409,"date":"2024-05-28T14:59:06","date_gmt":"2024-05-28T14:59:06","guid":{"rendered":"https:\/\/ladir.net\/?post_type=product&#038;p=409"},"modified":"2025-05-07T20:52:27","modified_gmt":"2025-05-07T23:52:27","slug":"biotina-vitamina-b7-30mcg-60-capsulas","status":"publish","type":"product","link":"https:\/\/kikodobem.com\/?product=biotina-vitamina-b7-30mcg-60-capsulas","title":{"rendered":"BIOTINA &#8211; VITAMINA B7 30MCG 60 C\u00c1PSULAS"},"content":{"rendered":"<strong>Vitamina B7 (Biotina) SOROPOWER<\/strong>\r\n\r\nA Biotina da SOROPOWER, tamb\u00e9m conhecida como vitamina H ou vitamina B7, \u00e9 um suplemento essencial para o bom funcionamento do corpo. Feito com mat\u00e9ria-prima importada dos Estados Unidos, este micronutriente hidrossol\u00favel desempenha um papel crucial na produ\u00e7\u00e3o de glicog\u00eanio e prote\u00ednas, promovendo a sa\u00fade da pele e dos cabelos, garantindo energia celular e mantendo a produ\u00e7\u00e3o de prote\u00ednas.\r\n\r\n&nbsp;\r\n\r\n<strong>Fontes Naturais de Biotina:<\/strong>\r\n\r\nA biotina pode ser encontrada naturalmente em alimentos como am\u00eandoas, avel\u00e3s e cereais integrais. No entanto, em casos de defici\u00eancia ou necessidades espec\u00edficas, suplementos em forma de c\u00e1psulas podem ser recomendados por m\u00e9dicos ou nutricionistas.\r\n\r\n&nbsp;\r\n\r\n<strong>Benef\u00edcios da Biotina:<\/strong>\r\n\r\n<strong>\u00a0<\/strong>\r\n<ol>\r\n \t<li><strong> Garantir a Energia nas C\u00e9lulas:<\/strong><\/li>\r\n<\/ol>\r\nA biotina \u00e9 essencial para a produ\u00e7\u00e3o de glicog\u00eanio, contribuindo para a regula\u00e7\u00e3o dos n\u00edveis de glicose no sangue e prevenindo ou controlando a diabetes.\r\n\r\n<strong>\u00a0<\/strong>\r\n<ol start=\"2\">\r\n \t<li><strong> Manter a Produ\u00e7\u00e3o Adequada de Prote\u00ednas:<\/strong><\/li>\r\n<\/ol>\r\nEssencial na forma\u00e7\u00e3o de amino\u00e1cidos, a biotina auxilia na produ\u00e7\u00e3o de prote\u00ednas, fundamentais para diversas fun\u00e7\u00f5es celulares.\r\n\r\n<strong>\u00a0<\/strong>\r\n<ol start=\"3\">\r\n \t<li><strong> Fortalecer Unhas e Cabelos:<\/strong><\/li>\r\n<\/ol>\r\nA biotina promove a forma\u00e7\u00e3o de prote\u00ednas essenciais para a sa\u00fade de unhas e cabelos, contribuindo para sua resist\u00eancia e sa\u00fade.\r\n\r\n&nbsp;\r\n<ol start=\"4\">\r\n \t<li><strong> Promover a Sa\u00fade da Pele:<\/strong><\/li>\r\n<\/ol>\r\nAl\u00e9m de favorecer a hidrata\u00e7\u00e3o, a biotina \u00e9 importante para a forma\u00e7\u00e3o de col\u00e1geno e queratina, prote\u00ednas fundamentais para a elasticidade e resist\u00eancia da pele.\r\n\r\n&nbsp;\r\n<ol start=\"5\">\r\n \t<li><strong> Auxiliar na Absor\u00e7\u00e3o de Vitaminas B12, B5 e \u00c1cido F\u00f3lico:<\/strong><\/li>\r\n<\/ol>\r\nA biotina aumenta a reabsor\u00e7\u00e3o intestinal e o uso dessas vitaminas, contribuindo para o bom funcionamento do corpo.\r\n\r\n&nbsp;\r\n<ol start=\"6\">\r\n \t<li><strong> Ajudar na Forma\u00e7\u00e3o de C\u00e9lulas Sangu\u00edneas:<\/strong><\/li>\r\n<\/ol>\r\nImportante na forma\u00e7\u00e3o de linf\u00f3citos e anticorpos, a biotina auxilia na sa\u00fade do sistema imunol\u00f3gico.\r\n\r\n&nbsp;\r\n<ol start=\"7\">\r\n \t<li><strong> Outros Benef\u00edcios:<\/strong><\/li>\r\n<\/ol>\r\nA biotina tamb\u00e9m pode contribuir para a sa\u00fade do sistema nervoso, auxiliar no tratamento da acne e alopecia, al\u00e9m de controlar os n\u00edveis de colesterol.\r\n\r\n&nbsp;\r\n\r\n<strong>Sugest\u00e3o de Uso:<\/strong>\r\n\r\n&#8211; Tomar 1 a 2 c\u00e1psulas diariamente.\r\n\r\n&nbsp;\r\n\r\n<strong>Mensagem do Diretor:<\/strong>\r\n\r\n&#8220;Estou farto de ver a Ind\u00fastria Farmac\u00eautica dificultar tratamentos eficazes por valorizar os lucros mais do que as vidas.&#8221;\r\n\r\n&nbsp;\r\n\r\n<strong>BY: &#8220;CANAL: DR. KIKO DO BEM CANAL SA\u00daDE PERFEITA&#8221;<\/strong>\r\n\r\n&nbsp;\r\n\r\nMuito obrigado pela visita e boas compras!\r\n\r\n&nbsp;\r\n\r\n<strong>Atenciosamente, Jos\u00e9 Francisco Rodrigues (KIKO)<\/strong>\r\n\r\nDiretor das Empresas: SOROCOCO, LADIR, SOROPOWER e da Farm\u00e1cia de Manipula\u00e7\u00e3o e Formula\u00e7\u00e3o &#8220;PHARMENNI&#8221;.\r\n\r\n&nbsp;\r\n\r\n<strong>Redes Sociais:<\/strong>\r\n\r\nProcure por &#8220;KIKO DO BEM&#8221; ou &#8220;DRKIKODOBEM&#8221; no YouTube, Instagram, TikTok, Facebook, Twitter e muito mais.\r\n\r\n&nbsp;\r\n\r\n<strong>Mensagem Inspiradora:<\/strong>\r\n\r\n&#8220;Se semeamos o BEM, N\u00c3O precisamos nos preocupar com o dia de amanh\u00e3. \u00c9 por isso que quem planta vento colhe tempestade&#8230; Seja SEMPRE do BEM.&#8221; &#8211; G\u00e1latas Cap\u00edtulo 6 Vers\u00edculo 7\r\n\r\n&nbsp;\r\n\r\n<strong>Informa\u00e7\u00f5es de Postagem:<\/strong>\r\n\r\n&#8211; Prazo para postagem: 1 dia \u00fatil.","protected":false},"excerpt":{"rendered":"<p><strong>Vitamina B7 (Biotina) SOROPOWER<\/strong><\/p>\n<p><strong>\u00a0<\/strong><\/p>\n<p>A Biotina da SOROPOWER, tamb\u00e9m conhecida como vitamina H ou vitamina B7, \u00e9 um suplemento essencial para o bom funcionamento do corpo. Feito com mat\u00e9ria-prima importada dos Estados Unidos, este micronutriente hidrossol\u00favel desempenha um papel crucial na produ\u00e7\u00e3o de glicog\u00eanio e prote\u00ednas, promovendo a sa\u00fade da pele e dos cabelos, garantindo energia celular e mantendo a produ\u00e7\u00e3o de prote\u00ednas.<\/p>\n<p><strong>\u00a0<\/strong><\/p>\n<p><strong>Fontes Naturais de Biotina:<\/strong><\/p>\n<p>A biotina pode ser encontrada naturalmente em alimentos como am\u00eandoas, avel\u00e3s e cereais integrais. No entanto, em casos de defici\u00eancia ou necessidades espec\u00edficas, suplementos em forma de c\u00e1psulas podem ser recomendados por m\u00e9dicos ou nutricionistas.<\/p>\n<p><strong>\u00a0<\/strong><\/p>\n<p><strong>Benef\u00edcios da Biotina:<\/strong><\/p>\n<p><strong>\u00a0<\/strong><\/p>\n<p><strong>Garantir a Energia nas C\u00e9lulas:<\/strong><\/p>\n<p>A biotina \u00e9 essencial para a produ\u00e7\u00e3o de glicog\u00eanio, contribuindo para a regula\u00e7\u00e3o dos n\u00edveis de glicose no sangue e prevenindo ou controlando a diabetes.<\/p>\n<p><strong>\u00a0<\/strong><\/p>\n<p><strong>Manter a Produ\u00e7\u00e3o Adequada de Prote\u00ednas:<\/strong><\/p>\n<p>Essencial na forma\u00e7\u00e3o de amino\u00e1cidos, a biotina auxilia na produ\u00e7\u00e3o de prote\u00ednas, fundamentais para diversas fun\u00e7\u00f5es celulares.<\/p>\n<p><strong>\u00a0<\/strong><\/p>\n<p><strong>Fortalecer Unhas e Cabelos:<\/strong><\/p>\n<p>A biotina promove a forma\u00e7\u00e3o de prote\u00ednas essenciais para a sa\u00fade de unhas e cabelos, contribuindo para sua resist\u00eancia e sa\u00fade.<\/p>\n<p><strong>\u00a0<\/strong><\/p>\n<p><strong>Promover a Sa\u00fade da Pele:<\/strong><\/p>\n<p>Al\u00e9m de favorecer a hidrata\u00e7\u00e3o, a biotina \u00e9 importante para a forma\u00e7\u00e3o de col\u00e1geno e queratina, prote\u00ednas fundamentais para a elasticidade e resist\u00eancia da pele.<\/p>\n<p><strong>\u00a0<\/strong><\/p>\n<p><strong>Auxiliar na Absor\u00e7\u00e3o de Vitaminas B12, B5 e \u00c1cido F\u00f3lico:<\/strong><\/p>\n<p>A biotina aumenta a reabsor\u00e7\u00e3o intestinal e o uso dessas vitaminas, contribuindo para o bom funcionamento do corpo.<\/p>\n<p><strong>\u00a0<\/strong><\/p>\n<p><strong>Ajudar na Forma\u00e7\u00e3o de C\u00e9lulas Sangu\u00edneas:<\/strong><\/p>\n<p>Importante na forma\u00e7\u00e3o de linf\u00f3citos e anticorpos, a biotina auxilia na sa\u00fade do sistema imunol\u00f3gico.<\/p>\n<p><strong>\u00a0<\/strong><\/p>\n<p><strong>Outros Benef\u00edcios:<\/strong><\/p>\n<p>A biotina tamb\u00e9m pode contribuir para a sa\u00fade do sistema nervoso, auxiliar no tratamento da acne e alopecia, al\u00e9m de controlar os n\u00edveis de colesterol.<\/p>\n<p><strong>\u00a0<\/strong><\/p>\n<p><strong>Sugest\u00e3o de Uso:<\/strong><\/p>\n<p>Tomar 1 a 2 c\u00e1psulas diariamente.<\/p>\n","protected":false},"featured_media":410,"comment_status":"open","ping_status":"closed","template":"","meta":[],"product_brand":[],"product_cat":[18,670],"product_tag":[165,161,163,162,164,166,103,129,160,159],"class_list":{"0":"post-409","1":"product","2":"type-product","3":"status-publish","4":"has-post-thumbnail","6":"product_cat-manipulados","7":"product_cat-vitaminas-100-naturais","8":"product_tag-cabelos-bonitos","9":"product_tag-corpo","10":"product_tag-saude-da-pele","11":"product_tag-saude-da-pele-e-dos-cabelos","12":"product_tag-saude-dos-cabelos","13":"product_tag-unhas-e-cabelos","14":"product_tag-vitamina","15":"product_tag-vitamina-b","16":"product_tag-vitamina-b7","17":"product_tag-vitamina-h","19":"first","20":"instock","21":"taxable","22":"shipping-taxable","23":"purchasable","24":"product-type-simple"},"_links":{"self":[{"href":"https:\/\/kikodobem.com\/index.php?rest_route=\/wp\/v2\/product\/409","targetHints":{"allow":["GET"]}}],"collection":[{"href":"https:\/\/kikodobem.com\/index.php?rest_route=\/wp\/v2\/product"}],"about":[{"href":"https:\/\/kikodobem.com\/index.php?rest_route=\/wp\/v2\/types\/product"}],"replies":[{"embeddable":true,"href":"https:\/\/kikodobem.com\/index.php?rest_route=%2Fwp%2Fv2%2Fcomments&post=409"}],"wp:featuredmedia":[{"embeddable":true,"href":"https:\/\/kikodobem.com\/index.php?rest_route=\/wp\/v2\/media\/410"}],"wp:attachment":[{"href":"https:\/\/kikodobem.com\/index.php?rest_route=%2Fwp%2Fv2%2Fmedia&parent=409"}],"wp:term":[{"taxonomy":"product_brand","embeddable":true,"href":"https:\/\/kikodobem.com\/index.php?rest_route=%2Fwp%2Fv2%2Fproduct_brand&post=409"},{"taxonomy":"product_cat","embeddable":true,"href":"https:\/\/kikodobem.com\/index.php?rest_route=%2Fwp%2Fv2%2Fproduct_cat&post=409"},{"taxonomy":"product_tag","embeddable":true,"href":"https:\/\/kikodobem.com\/index.php?rest_route=%2Fwp%2Fv2%2Fproduct_tag&post=409"}],"curies":[{"name":"wp","href":"https:\/\/api.w.org\/{rel}","templated":true}]}}