{"id":431,"date":"2024-05-28T17:33:40","date_gmt":"2024-05-28T17:33:40","guid":{"rendered":"https:\/\/ladir.net\/?post_type=product&#038;p=431"},"modified":"2025-05-07T20:48:22","modified_gmt":"2025-05-07T23:48:22","slug":"vitamina-k2-120mcg-60-capsulas-sub-lingual","status":"publish","type":"product","link":"https:\/\/kikodobem.com\/?product=vitamina-k2-120mcg-60-capsulas-sub-lingual","title":{"rendered":"Vitamina K2 120MCG 60 CAPSULAS SUB-LINGUAL"},"content":{"rendered":"<iframe loading=\"lazy\" title=\"VITAMINAS D3 E K2 EM C\u00c1PSULAS SUBLINGUAIS Dosagem ideal di\u00e1ria e no sangue. Juntas ou separadas???\" width=\"500\" height=\"281\" src=\"https:\/\/www.youtube.com\/embed\/s6Q80aT6In4?feature=oembed\" frameborder=\"0\" allow=\"accelerometer; autoplay; clipboard-write; encrypted-media; gyroscope; picture-in-picture; web-share\" referrerpolicy=\"strict-origin-when-cross-origin\" allowfullscreen><\/iframe>\r\n\r\n&nbsp;\r\n\r\n<strong>Vitamina K-2 SOROPOWER 60 C\u00e1psulas Sublinguais MK-7 com 120 MCG<\/strong>\r\n\r\n<strong>\u00a0<\/strong>\r\n\r\nDescri\u00e7\u00e3o do Produto:\r\n\r\nA Vitamina K-2 SOROPOWER \u00e9 elaborada com mat\u00e9ria-prima importada dos Estados Unidos, oferecendo 120 mcg de vitamina K-2 na forma de c\u00e1psulas sublinguais MK-7, a dose exata recomendada pelos Drs. Lair Ribeiro e Dayan Siebra. Este suplemento proporciona in\u00fameros benef\u00edcios, especialmente como um potente agente anti-envelhecimento.\r\n\r\n<strong>\u00a0<\/strong>\r\n\r\n<strong>Benef\u00edcios da Vitamina K-2:<\/strong>\r\n<ol>\r\n \t<li><strong> Sa\u00fade \u00d3ssea:<\/strong><\/li>\r\n<\/ol>\r\nA vitamina K-2 \u00e9 fundamental para a forma\u00e7\u00e3o e reparo \u00f3sseo saud\u00e1veis. Ela participa da s\u00edntese da osteocalcina, uma prote\u00edna do tecido \u00f3sseo que ajuda na cristaliza\u00e7\u00e3o do c\u00e1lcio, promovendo ossos mais fortes e saud\u00e1veis.\r\n\r\n<strong>\u00a0<\/strong>\r\n<ol start=\"2\">\r\n \t<li><strong> Preven\u00e7\u00e3o de Calcifica\u00e7\u00e3o Vascular:<\/strong><\/li>\r\n<\/ol>\r\nA vitamina K-2 desempenha um papel crucial na inibi\u00e7\u00e3o da calcifica\u00e7\u00e3o dos vasos sangu\u00edneos. Ela ajuda a remover os dep\u00f3sitos de c\u00e1lcio das v\u00e1lvulas do cora\u00e7\u00e3o e outros vasos sangu\u00edneos, onde n\u00e3o s\u00e3o necess\u00e1rios, e direciona o c\u00e1lcio para os ossos, onde \u00e9 mais necess\u00e1rio. Isso pode reduzir o risco de problemas card\u00edacos futuros em at\u00e9 50%.\r\n\r\n<strong>\u00a0<\/strong>\r\n<ol start=\"3\">\r\n \t<li><strong> Colabora\u00e7\u00e3o com a Vitamina D-3:<\/strong><\/li>\r\n<\/ol>\r\nA vitamina K-2 trabalha em sinergia com a vitamina D-3 para aumentar os dep\u00f3sitos de c\u00e1lcio nos ossos, melhorando ainda mais a sa\u00fade \u00f3ssea e prevenindo a calcifica\u00e7\u00e3o indesejada dos vasos sangu\u00edneos.\r\n\r\n&nbsp;\r\n<ol start=\"4\">\r\n \t<li><strong> Fun\u00e7\u00e3o no Metabolismo:<\/strong><\/li>\r\n<\/ol>\r\nA vitamina K-2 tamb\u00e9m desempenha uma importante fun\u00e7\u00e3o nos intestinos, ajudando a converter a glicose em glicog\u00eanio para armazenamento no f\u00edgado, contribuindo para um metabolismo mais eficiente.\r\n\r\n<strong>\u00a0<\/strong>\r\n\r\n<strong>Sugest\u00e3o de Uso:<\/strong>\r\n\r\n<strong>&#8211; Tomar 1 a 2 c\u00e1psulas diariamente, conforme orienta\u00e7\u00e3o m\u00e9dica ou nutricional.<\/strong>\r\n\r\n<strong>\u00a0<\/strong>\r\n\r\n<strong>Mensagem do Diretor:<\/strong>\r\n\r\n&#8220;Estou farto de ver a Ind\u00fastria Farmac\u00eautica dificultar tratamentos eficazes por valorizar os lucros mais do que as vidas.&#8221;\r\n\r\n<strong>\u00a0<\/strong>\r\n\r\n<strong>BY: &#8220;DR. KIKO DO BEM CANAL SA\u00daDE PERFEITA&#8221;<\/strong>\r\n\r\n<strong>\u00a0<\/strong>\r\n\r\nMuito obrigado pela visita e boas compras!\r\n\r\n<strong>\u00a0<\/strong>\r\n\r\n<strong>Atenciosamente, Jos\u00e9 Francisco Rodrigues (KIKO)<\/strong>\r\n\r\nDiretor das Empresas: SOROCOCO, LADIR, SOROPOWER e da Farm\u00e1cia de Manipula\u00e7\u00e3o e Formula\u00e7\u00e3o &#8220;PHARMENNI&#8221;\r\n\r\n<strong>\u00a0<\/strong>\r\n\r\n<strong>NAS REDES SOCIAIS PROCURE SEMPRE: &#8220;KIKO DO BEM&#8221; OU &#8220;DRKIKODOBEM&#8221;<\/strong>\r\n\r\nEncontre-nos no YouTube, Instagram, TikTok, Facebook, Twitter e muito mais.\r\n\r\n<strong>\u00a0<\/strong>\r\n\r\n<strong>&#8220;Se semeamos o BEM, n\u00e3o precisamos nos preocupar com o dia de amanh\u00e3.&#8221;<\/strong>\r\n\r\n<strong>\u00a0<\/strong>\r\n\r\n<strong>Fontes:<\/strong>\r\n\r\n&#8211; Doutores Lair Ribeiro, Dayan Siebra e Peter Liu.\r\n\r\n<strong>\u00a0<\/strong>\r\n\r\n<strong>Informa\u00e7\u00f5es de Postagem:<\/strong>\r\n\r\n&#8211; Prazo para postagem: 1 dia \u00fatil.","protected":false},"excerpt":{"rendered":"<p><strong>Vitamina K-2 SOROPOWER 60 C\u00e1psulas Sublinguais MK-7 com 120 MCG<\/strong><\/p>\n<p><strong>\u00a0<\/strong><\/p>\n<p><strong>Descri\u00e7\u00e3o do Produto:<\/strong><\/p>\n<p>A Vitamina K-2 SOROPOWER oferece 120 mcg de vitamina K-2 na forma de c\u00e1psulas sublinguais MK-7, elaborada com mat\u00e9ria-prima importada dos Estados Unidos. Este suplemento \u00e9 recomendado pelos Drs. Lair Ribeiro e Dayan Siebra, e \u00e9 conhecido por seus benef\u00edcios anti-envelhecimento.<\/p>\n<p><strong>\u00a0<\/strong><\/p>\n<p><strong>Benef\u00edcios da Vitamina K-2 SOROPOWER:<\/strong><\/p>\n<p><strong>\u00a0<\/strong><\/p>\n<ol>\n<li><strong> Sa\u00fade \u00d3ssea:<\/strong><\/li>\n<\/ol>\n<p>&#8211; Promove a forma\u00e7\u00e3o e reparo dos ossos.<\/p>\n<p>&#8211; Facilita a cristaliza\u00e7\u00e3o do c\u00e1lcio para ossos mais fortes e saud\u00e1veis.<\/p>\n<p><strong>\u00a0<\/strong><\/p>\n<ol start=\"2\">\n<li><strong> Preven\u00e7\u00e3o de Calcifica\u00e7\u00e3o Vascular:<\/strong><\/li>\n<\/ol>\n<p>&#8211; Inibe a calcifica\u00e7\u00e3o dos vasos sangu\u00edneos.<\/p>\n<p>&#8211; Remove dep\u00f3sitos de c\u00e1lcio das v\u00e1lvulas do cora\u00e7\u00e3o e direciona o c\u00e1lcio para os ossos, reduzindo o risco de problemas card\u00edacos.<\/p>\n<p><strong>\u00a0<\/strong><\/p>\n<ol start=\"3\">\n<li><strong> Sinergia com a Vitamina D-3:<\/strong><\/li>\n<\/ol>\n<p>&#8211; Trabalha junto com a vitamina D-3 para aumentar os dep\u00f3sitos de c\u00e1lcio nos ossos e prevenir calcifica\u00e7\u00e3o indesejada dos vasos sangu\u00edneos.<\/p>\n<p><strong>\u00a0<\/strong><\/p>\n<ol start=\"4\">\n<li><strong> Melhoria do Metabolismo:<\/strong><\/li>\n<\/ol>\n<p>&#8211; Ajuda a converter glicose em glicog\u00eanio nos intestinos, contribuindo para um metabolismo mais eficiente.<\/p>\n<p>&nbsp;<\/p>\n","protected":false},"featured_media":437,"comment_status":"open","ping_status":"closed","template":"","meta":[],"product_brand":[],"product_cat":[18,670],"product_tag":[176,178],"class_list":{"0":"post-431","1":"product","2":"type-product","3":"status-publish","4":"has-post-thumbnail","6":"product_cat-manipulados","7":"product_cat-vitaminas-100-naturais","8":"product_tag-ferro","9":"product_tag-vitamina-c","11":"first","12":"instock","13":"taxable","14":"shipping-taxable","15":"purchasable","16":"product-type-simple"},"_links":{"self":[{"href":"https:\/\/kikodobem.com\/index.php?rest_route=\/wp\/v2\/product\/431","targetHints":{"allow":["GET"]}}],"collection":[{"href":"https:\/\/kikodobem.com\/index.php?rest_route=\/wp\/v2\/product"}],"about":[{"href":"https:\/\/kikodobem.com\/index.php?rest_route=\/wp\/v2\/types\/product"}],"replies":[{"embeddable":true,"href":"https:\/\/kikodobem.com\/index.php?rest_route=%2Fwp%2Fv2%2Fcomments&post=431"}],"wp:featuredmedia":[{"embeddable":true,"href":"https:\/\/kikodobem.com\/index.php?rest_route=\/wp\/v2\/media\/437"}],"wp:attachment":[{"href":"https:\/\/kikodobem.com\/index.php?rest_route=%2Fwp%2Fv2%2Fmedia&parent=431"}],"wp:term":[{"taxonomy":"product_brand","embeddable":true,"href":"https:\/\/kikodobem.com\/index.php?rest_route=%2Fwp%2Fv2%2Fproduct_brand&post=431"},{"taxonomy":"product_cat","embeddable":true,"href":"https:\/\/kikodobem.com\/index.php?rest_route=%2Fwp%2Fv2%2Fproduct_cat&post=431"},{"taxonomy":"product_tag","embeddable":true,"href":"https:\/\/kikodobem.com\/index.php?rest_route=%2Fwp%2Fv2%2Fproduct_tag&post=431"}],"curies":[{"name":"wp","href":"https:\/\/api.w.org\/{rel}","templated":true}]}}