{"id":504,"date":"2024-06-03T19:20:54","date_gmt":"2024-06-03T19:20:54","guid":{"rendered":"https:\/\/ladir.net\/?post_type=product&#038;p=504"},"modified":"2025-05-07T20:39:53","modified_gmt":"2025-05-07T23:39:53","slug":"oleo-essencial-canela-em-folhas-10ml","status":"publish","type":"product","link":"https:\/\/kikodobem.com\/?product=oleo-essencial-canela-em-folhas-10ml","title":{"rendered":"\u00d3LEO ESSENCIAL CANELA EM FOLHAS 10ML"},"content":{"rendered":"<iframe loading=\"lazy\" title=\"\u00d3leo essencial de canela em folhas grandes benef\u00edcios que voc\u00ea precisa saber WhatsApp 15 99644-8181\" width=\"500\" height=\"281\" src=\"https:\/\/www.youtube.com\/embed\/xyHC-EOh3rI?feature=oembed\" frameborder=\"0\" allow=\"accelerometer; autoplay; clipboard-write; encrypted-media; gyroscope; picture-in-picture; web-share\" referrerpolicy=\"strict-origin-when-cross-origin\" allowfullscreen><\/iframe>\r\n\r\n<strong>\u00a0\u00d3leo Essencial de Canela em Folhas Dr. Kiko do Bem<\/strong>\r\n\r\n&nbsp;\r\n\r\nO \u00d3leo Essencial de Canela em Folhas Dr. Kiko do Bem \u00e9 um poderoso aliado na Aromaterapia, oferecendo m\u00faltiplos benef\u00edcios para o corpo e a mente. Este \u00f3leo \u00e9 conhecido por ser um excelente estimulante f\u00edsico e mental, ideal para ajudar em casos de esgotamento emocional e fadiga. Al\u00e9m disso, possui propriedades antiss\u00e9pticas e \u00e9 um estimulante do sistema imunol\u00f3gico, sendo eficaz no al\u00edvio de gripes, resfriados e outras infec\u00e7\u00f5es virais.\r\n\r\n&nbsp;\r\n\r\n<strong>\u00a0Benef\u00edcios e Usos:<\/strong>\r\n\r\n&nbsp;\r\n\r\n<strong>Estimula\u00e7\u00e3o F\u00edsica e Mental:<\/strong>\r\n\r\n&#8211; Ajuda a combater o esgotamento emocional e a fadiga.\r\n\r\n&#8211; Promove a coragem e a capacidade de enfrentar os desafios di\u00e1rios.\r\n\r\n&nbsp;\r\n\r\n<strong>Propriedades Antiss\u00e9pticas:<\/strong>\r\n\r\n&#8211; Auxilia na preven\u00e7\u00e3o e tratamento de infec\u00e7\u00f5es virais.\r\n\r\n&#8211; Estimula o sistema imunol\u00f3gico.\r\n\r\n&nbsp;\r\n\r\n<strong>Aromaterapia:<\/strong>\r\n\r\n&#8211; Pode ser usado para reduzir medos e inseguran\u00e7as, ajudando em situa\u00e7\u00f5es como falar em p\u00fablico ou enfrentar fobias mais graves.\r\n\r\n&nbsp;\r\n\r\n<strong>\u00a0Como Usar o \u00d3leo Essencial de Canela Dr. Kiko do Bem:<\/strong>\r\n\r\n&nbsp;\r\n<ol>\r\n \t<li><strong> Massagem:<\/strong><\/li>\r\n<\/ol>\r\n&#8211; Misture 1 a 5 gotas de \u00f3leo essencial em uma colher de sopa de \u00f3leo carreador e aplique em movimentos circulares no rosto, cabelo ou corpo.\r\n\r\n&nbsp;\r\n<ol start=\"2\">\r\n \t<li><strong> Uso T\u00f3pico:<\/strong><\/li>\r\n<\/ol>\r\n&#8211; Aplique 1 a 2 gotas do \u00f3leo essencial puro no local desejado.\r\n\r\n&nbsp;\r\n<ol start=\"3\">\r\n \t<li><strong> Aromaterapia:<\/strong><\/li>\r\n<\/ol>\r\n&#8211; Pingue 1 a 2 gotas em cada pulso e massageie lentamente para aumentar a coragem e enfrentar os problemas do dia a dia.\r\n\r\n&nbsp;\r\n\r\n<strong>\u00a0Precau\u00e7\u00f5es:<\/strong>\r\n\r\n&#8211; O \u00f3leo essencial de canela n\u00e3o deve ser usado sem ser dilu\u00eddo em um \u00f3leo carreador.\r\n\r\n&nbsp;\r\n\r\n<strong>\u00a0Informa\u00e7\u00f5es Adicionais:<\/strong>\r\n\r\n&nbsp;\r\n\r\n<strong>Alta Pot\u00eancia:<\/strong>\r\n\r\n&#8211; Uma gota de \u00f3leo essencial Dr. Kiko do Bem equivale a 28 x\u00edcaras de ch\u00e1 da mesma erva.\r\n\r\n&#8211; Os \u00f3leos essenciais Dr. Kiko do Bem s\u00e3o 50 a 70 vezes mais potentes que as pr\u00f3prias ervas.\r\n\r\n&nbsp;\r\n\r\n<strong>Qualidade Premium:<\/strong>\r\n\r\n&#8211; Nossos \u00f3leos essenciais s\u00e3o compostos majoritariamente por terpenos, tornando-os mais eficazes e vol\u00e1teis, com a capacidade de evaporar facilmente.\r\n\r\n&nbsp;\r\n\r\n<strong>\u00a0Sobre N\u00f3s:<\/strong>\r\n\r\n&nbsp;\r\n\r\nSomos das empresas SOROCOCO, LADIR &amp; SOROPOWER, de propriedade do canal &#8220;Kiko do Bem&#8221; no YouTube. Trabalhamos apenas com mat\u00e9ria-prima importada dos melhores pa\u00edses do mundo, garantindo a qualidade e efic\u00e1cia de nossos produtos.\r\n\r\n&nbsp;\r\n\r\n<strong>Muito obrigado pela visita e boas compras!<\/strong>\r\n\r\n&nbsp;\r\n\r\nAtenciosamente,\r\n\r\nJos\u00e9 Francisco Rodrigues (KIKO)\r\n\r\nDiretor das Empresas: SOROCOCO, LADIR, SOROPOWER, KIKO DO BEM e Farm\u00e1cia de Manipula\u00e7\u00e3o e Formula\u00e7\u00e3o &#8220;Pharmenni&#8221;.\r\n\r\n&nbsp;\r\n\r\nNas redes sociais, procure sempre por: &#8220;Kiko do Bem&#8221;, Dr. Kiko do Bem ou &#8220;drkikodobem&#8221;. Temos mais de 3.500 v\u00eddeos de dicas de sa\u00fade para voc\u00ea.\r\n\r\n&nbsp;\r\n\r\n&#8220;Se semeamos o BEM, n\u00e3o precisamos nos preocupar com o dia de amanh\u00e3.&#8221; &#8211; G\u00e1latas 6:7\r\n\r\n<strong>\u00a0<\/strong>\r\n\r\n<strong>Prazo para postagem: 1 dia \u00fatil<\/strong>","protected":false},"excerpt":{"rendered":"<p><strong>\u00d3leo Essencial de Canela em Folhas Dr. Kiko do Bem<\/strong><\/p>\n<p>O \u00d3leo Essencial de Canela em Folhas Dr. Kiko do Bem \u00e9 um aliado poderoso na Aromaterapia, proporcionando m\u00faltiplos benef\u00edcios para o corpo e a mente. Este \u00f3leo \u00e9 reconhecido por suas propriedades estimulantes f\u00edsicas e mentais, sendo ideal para combater esgotamento emocional e fadiga. Al\u00e9m disso, \u00e9 um antiss\u00e9ptico eficaz e um estimulante do sistema imunol\u00f3gico, aliviando gripes, resfriados e outras infec\u00e7\u00f5es virais.<\/p>\n<p>&nbsp;<\/p>\n<p>Benef\u00edcios e Usos:<\/p>\n<p>Estimula\u00e7\u00e3o F\u00edsica e Mental:<\/p>\n<p>&nbsp;<\/p>\n<p>Combate o esgotamento emocional e a fadiga.<\/p>\n<p>Promove coragem e capacidade de enfrentar desafios di\u00e1rios.<\/p>\n<p>Propriedades Antiss\u00e9pticas:<\/p>\n<p>&nbsp;<\/p>\n<p>Previne e trata infec\u00e7\u00f5es virais.<\/p>\n<p>Estimula o sistema imunol\u00f3gico.<\/p>\n<p>Aromaterapia:<\/p>\n<p>&nbsp;<\/p>\n<p><strong>Reduz medos e inseguran\u00e7as, \u00fatil para situa\u00e7\u00f5es como falar em p\u00fablico ou enfrentar fobias graves.<\/strong><\/p>\n","protected":false},"featured_media":506,"comment_status":"open","ping_status":"closed","template":"","meta":[],"product_brand":[],"product_cat":[553],"product_tag":[209,215,214,216],"class_list":{"0":"post-504","1":"product","2":"type-product","3":"status-publish","4":"has-post-thumbnail","6":"product_cat-oleos-essenciais","7":"product_tag-oleo","8":"product_tag-oleo-de-canela","9":"product_tag-oleo-essencial","10":"product_tag-oleo-essencial-de-canela","12":"first","13":"instock","14":"taxable","15":"shipping-taxable","16":"purchasable","17":"product-type-simple"},"_links":{"self":[{"href":"https:\/\/kikodobem.com\/index.php?rest_route=\/wp\/v2\/product\/504","targetHints":{"allow":["GET"]}}],"collection":[{"href":"https:\/\/kikodobem.com\/index.php?rest_route=\/wp\/v2\/product"}],"about":[{"href":"https:\/\/kikodobem.com\/index.php?rest_route=\/wp\/v2\/types\/product"}],"replies":[{"embeddable":true,"href":"https:\/\/kikodobem.com\/index.php?rest_route=%2Fwp%2Fv2%2Fcomments&post=504"}],"wp:featuredmedia":[{"embeddable":true,"href":"https:\/\/kikodobem.com\/index.php?rest_route=\/wp\/v2\/media\/506"}],"wp:attachment":[{"href":"https:\/\/kikodobem.com\/index.php?rest_route=%2Fwp%2Fv2%2Fmedia&parent=504"}],"wp:term":[{"taxonomy":"product_brand","embeddable":true,"href":"https:\/\/kikodobem.com\/index.php?rest_route=%2Fwp%2Fv2%2Fproduct_brand&post=504"},{"taxonomy":"product_cat","embeddable":true,"href":"https:\/\/kikodobem.com\/index.php?rest_route=%2Fwp%2Fv2%2Fproduct_cat&post=504"},{"taxonomy":"product_tag","embeddable":true,"href":"https:\/\/kikodobem.com\/index.php?rest_route=%2Fwp%2Fv2%2Fproduct_tag&post=504"}],"curies":[{"name":"wp","href":"https:\/\/api.w.org\/{rel}","templated":true}]}}