{"id":559,"date":"2024-06-05T14:44:24","date_gmt":"2024-06-05T14:44:24","guid":{"rendered":"https:\/\/ladir.net\/?post_type=product&#038;p=559"},"modified":"2025-05-07T20:36:55","modified_gmt":"2025-05-07T23:36:55","slug":"oleo-de-girassol-com-oleo-de-melaleuca-ozonizado-30ml","status":"publish","type":"product","link":"https:\/\/kikodobem.com\/?product=oleo-de-girassol-com-oleo-de-melaleuca-ozonizado-30ml","title":{"rendered":"\u00d3LEO OZONIZADO DE GIRASSOL COM OLEO DE MELALEUCA 30ML MELHOR DO BRASIL"},"content":{"rendered":"<iframe loading=\"lazy\" title=\"OS MELHORES \u00d3LEOS OZONIZADOS PARA CUIDAR DA SA\u00daDE E PREVEN\u00c7\u00c3O DE DOEN\u00c7AS WHATSAPP (15) 99644-8181\" width=\"500\" height=\"281\" src=\"https:\/\/www.youtube.com\/embed\/VnxBHSbzvr4?feature=oembed\" frameborder=\"0\" allow=\"accelerometer; autoplay; clipboard-write; encrypted-media; gyroscope; picture-in-picture; web-share\" referrerpolicy=\"strict-origin-when-cross-origin\" allowfullscreen><\/iframe>\r\n\r\n&nbsp;\r\n\r\n<strong>O que a Anvisa diz sobre a ozonioterapia?<\/strong>\r\n\r\n&nbsp;\r\n\r\n<strong>Em resumo:<\/strong>\r\n\r\n&nbsp;\r\n\r\nA ozonioterapia ainda \u00e9 considerada uma pr\u00e1tica experimental no Brasil.\r\n\r\nN\u00e3o h\u00e1 equipamentos de produ\u00e7\u00e3o de oz\u00f4nio aprovados pela Anvisa para uso m\u00e9dico.\r\n\r\nA ozonioterapia pode ser utilizada como tratamento complementar, desde que sob orienta\u00e7\u00e3o m\u00e9dica.\r\n\r\n\u00c9 importante buscar informa\u00e7\u00f5es confi\u00e1veis e consultar um profissional de sa\u00fade antes de iniciar qualquer tratamento.\r\n\r\n<strong>\u00a0<\/strong>\r\n\r\n<strong>Para mais detalhes:<\/strong>\r\n\r\n&nbsp;\r\n\r\nEm 2022, o Senado aprovou o PL 1.438\/2022, que autoriza a prescri\u00e7\u00e3o da ozonioterapia como tratamento de sa\u00fade complementar em todo o pa\u00eds.\r\n\r\nNo entanto, a Anvisa ainda n\u00e3o se manifestou oficialmente sobre a regulamenta\u00e7\u00e3o da pr\u00e1tica.\r\n\r\nO Conselho Federal de Medicina (CFM) tamb\u00e9m considera a ozonioterapia como experimental e veda sua utiliza\u00e7\u00e3o sem a devida autoriza\u00e7\u00e3o dos \u00f3rg\u00e3os competentes.\r\n\r\n<strong>\u00a0<\/strong>\r\n\r\n<strong>Apesar das restri\u00e7\u00f5es, a ozonioterapia j\u00e1 \u00e9 utilizada por alguns profissionais de sa\u00fade no Brasil, principalmente em \u00e1reas como:<\/strong>\r\n\r\n&nbsp;\r\n\r\n<strong>\u00a0Dermatologia:<\/strong> para tratamento de acne, feridas e outras doen\u00e7as de pele.\r\n\r\nOdontologia: para tratamento de gengivite, periodontite e outras doen\u00e7as bucais.\r\n\r\n<strong>\u00a0Ortopedia:<\/strong> para tratamento de dores articulares e inflama\u00e7\u00f5es.\r\n\r\n&nbsp;\r\n\r\n\u00c9 importante ressaltar que a ozonioterapia n\u00e3o \u00e9 um tratamento milagroso e pode ter efeitos colaterais.\r\n\r\n&nbsp;\r\n\r\nPor isso, \u00e9 fundamental consultar um m\u00e9dico antes de iniciar qualquer tratamento.\r\n\r\n&nbsp;\r\n\r\n<strong>Aqui est\u00e3o algumas fontes confi\u00e1veis \u200b\u200bde informa\u00e7\u00e3o sobre a ozonioterapia:<\/strong>\r\n\r\n&nbsp;\r\n\r\n<strong>Ag\u00eancia Nacional de Vigil\u00e2ncia Sanit\u00e1ria (Anvisa):<\/strong> <a href=\"https:\/\/www.gov.br\/anvisa\/pt-br\/assuntos\/noticias-anvisa\/2022\/ozonioterapia-anvisa-esclarece-as-indicacoes-aprovadas-ate-o-momento%5d(https:\/www.gov.br\/anvisa\/pt-br\/assuntos\/noticias-anvisa\/2022\/ozonioterapia-anvisa-esclarece-as-indicacoes-aprovadas-ate-o-momento\">https:\/\/www.gov.br\/anvisa\/pt-br\/assuntos\/noticias-anvisa\/2022\/ozonioterapia-anvisa-esclarece-as-indicacoes-aprovadas-ate-o-momento](https:\/\/www.gov.br\/anvisa\/pt-br\/assuntos\/noticias-anvisa\/2022\/ozonioterapia-anvisa-esclarece-as-indicacoes-aprovadas-ate-o-momento<\/a>\r\n\r\n&nbsp;\r\n\r\n<strong>Lembre-se:<\/strong>\r\n\r\n&nbsp;\r\n\r\n<strong>\u00a0A ozonioterapia ainda \u00e9 uma pr\u00e1tica experimental no Brasil.<\/strong>\r\n\r\n<strong>\u00a0<\/strong>\r\n\r\n\u00c9 importante buscar informa\u00e7\u00f5es confi\u00e1veis \u200b\u200be consultar um profissional de sa\u00fade antes de iniciar qualquer tratamento.","protected":false},"excerpt":{"rendered":"<p><strong>TEMOS DISPON\u00cdVEIS EM SPLAYS, FRASCOS E GAL\u00d5ES<\/p>\n<p>Frasco &#8220;SPLAY&#8221; com 30ML<\/p>\n<p>GAL\u00c3O COM 1 LITRO<\/p>\n<p>Estou farto de ver a Ind\u00fastria Farmac\u00eautica dificultar tratamentos eficazes\u2026 por valorizar os lucros muito mais do que as vidas. BY: &#8220;CANAL: SA\u00daDE PERFEITA COM KIKO DO BEM&#8221;.<\/p>\n<p>Muito obrigado pela visita e boas compras!!<\/p>\n<p>Atenciosamente, Jos\u00e9 Francisco Rodrigues (KIKO), Diretor das Empresas: SOROCOCO, LADIR,\u00a0 SOROPOWER, KIKO DO BEM E DA FARM\u00c1CIA DE MANIPULA\u00c7\u00c3O E FORMULA\u00c7\u00c3O &#8220;PHARMENNI&#8221;, ONDE S\u00d3 TRABALHAMOS COM MAT\u00c9RIA PRIMA IMPORTADA DOS MELHORES PA\u00cdSES DO MUNDO.<\/p>\n<p>NAS REDES SOCIAIS PROCURE SEMPRE: &#8220;KIKO DO BEM&#8221; OU &#8220;DRKIKODOBEM&#8221; que voc\u00ea vai me encontrar facilmente. Tenho 1.500 v\u00eddeos de melhora da sa\u00fade para voc\u00ea deixar sua sa\u00fade perfeita.<\/p>\n<p>&#8220;Se semeamos o BEM, N\u00c3O precisamos nos preocupar com o dia de amanh\u00e3&#8221;.<\/p>\n<p>DEUS perdoa &#8220;TUDO&#8221;, mas, tudo que semeamos, a colheita \u00e9 obrigat\u00f3ria, pois a vida N\u00c3O perdoa.<\/p>\n<p>G\u00e1latas Cap\u00edtulo 6 Vers\u00edculo 7<\/strong><\/p>\n<p>&nbsp;<\/p>\n<p><strong>Dermatologia:<\/strong> para tratamento de acne, feridas e outras doen\u00e7as de pele.<\/p>\n<p>Odontologia: para tratamento de gengivite, periodontite e outras doen\u00e7as bucais.<\/p>\n<p><strong>\u00a0Ortopedia:<\/strong> para tratamento de dores articulares e inflama\u00e7\u00f5es.<\/p>\n<p>&nbsp;<\/p>\n<p>\u00c9 importante ressaltar que a ozonioterapia n\u00e3o \u00e9 um tratamento milagroso e pode ter efeitos colaterais.<\/p>\n<p>&nbsp;<\/p>\n<p>Por isso, \u00e9 fundamental consultar um m\u00e9dico antes de iniciar qualquer tratamento.<\/p>\n<p>&nbsp;<\/p>\n","protected":false},"featured_media":560,"comment_status":"open","ping_status":"closed","template":"","meta":[],"product_brand":[],"product_cat":[18],"product_tag":[209,250,249,252,251],"class_list":{"0":"post-559","1":"product","2":"type-product","3":"status-publish","4":"has-post-thumbnail","6":"product_cat-manipulados","7":"product_tag-oleo","8":"product_tag-oleo-de-girassol","9":"product_tag-oleo-de-girassol-com-oleo-de-melaleuca-ozonizado","10":"product_tag-oleo-de-melaleuca","11":"product_tag-oleo-de-melaleuca-ozonizado","13":"first","14":"instock","15":"taxable","16":"shipping-taxable","17":"purchasable","18":"product-type-simple"},"_links":{"self":[{"href":"https:\/\/kikodobem.com\/index.php?rest_route=\/wp\/v2\/product\/559","targetHints":{"allow":["GET"]}}],"collection":[{"href":"https:\/\/kikodobem.com\/index.php?rest_route=\/wp\/v2\/product"}],"about":[{"href":"https:\/\/kikodobem.com\/index.php?rest_route=\/wp\/v2\/types\/product"}],"replies":[{"embeddable":true,"href":"https:\/\/kikodobem.com\/index.php?rest_route=%2Fwp%2Fv2%2Fcomments&post=559"}],"wp:featuredmedia":[{"embeddable":true,"href":"https:\/\/kikodobem.com\/index.php?rest_route=\/wp\/v2\/media\/560"}],"wp:attachment":[{"href":"https:\/\/kikodobem.com\/index.php?rest_route=%2Fwp%2Fv2%2Fmedia&parent=559"}],"wp:term":[{"taxonomy":"product_brand","embeddable":true,"href":"https:\/\/kikodobem.com\/index.php?rest_route=%2Fwp%2Fv2%2Fproduct_brand&post=559"},{"taxonomy":"product_cat","embeddable":true,"href":"https:\/\/kikodobem.com\/index.php?rest_route=%2Fwp%2Fv2%2Fproduct_cat&post=559"},{"taxonomy":"product_tag","embeddable":true,"href":"https:\/\/kikodobem.com\/index.php?rest_route=%2Fwp%2Fv2%2Fproduct_tag&post=559"}],"curies":[{"name":"wp","href":"https:\/\/api.w.org\/{rel}","templated":true}]}}