{"id":649,"date":"2024-06-11T18:58:10","date_gmt":"2024-06-11T18:58:10","guid":{"rendered":"https:\/\/ladir.net\/?post_type=product&#038;p=649"},"modified":"2025-05-07T20:28:10","modified_gmt":"2025-05-07T23:28:10","slug":"oleo-de-abacate-soropower-60-capsulas-colesterol-alto","status":"publish","type":"product","link":"https:\/\/kikodobem.com\/?product=oleo-de-abacate-soropower-60-capsulas-colesterol-alto","title":{"rendered":"OLEO DE ABACATE SOROPOWER 60 C\u00c1PSULAS COLESTEROL ALTO"},"content":{"rendered":"<h2>\u00d3leo de Abacate Soropower 100% Natural &#8211; Pote com 60 C\u00e1psulas<\/h2>\r\n<h3>Descri\u00e7\u00e3o do Produto<\/h3>\r\nO \u00d3leo de Abacate Soropower \u00e9 um suplemento 100% natural, apresentado em c\u00e1psulas, desenvolvido para promover uma sa\u00fade ideal. Com um conjunto de componentes essenciais, nosso \u00f3leo de abacate \u00e9 considerado o melhor do Brasil.\r\n<h3>Principais Componentes<\/h3>\r\n<ul>\r\n \t<li><strong>Lecitina<\/strong><\/li>\r\n \t<li><strong>Beta-sitosterol<\/strong><\/li>\r\n \t<li><strong>\u00d4mega 9<\/strong><\/li>\r\n \t<li><strong>Vitaminas A, D, E e K<\/strong><\/li>\r\n \t<li><strong>\u00c1cido f\u00f3lico<\/strong><\/li>\r\n \t<li><strong>Pot\u00e1ssio<\/strong><\/li>\r\n<\/ul>\r\n<h3>Benef\u00edcios do \u00d3leo de Abacate<\/h3>\r\nEste poderoso conjunto de nutrientes faz do \u00d3leo de Abacate Soropower um aliado indispens\u00e1vel em uma dieta saud\u00e1vel, auxiliando na preven\u00e7\u00e3o e controle de diversas doen\u00e7as, incluindo diabetes e colesterol alto.\r\n<ul>\r\n \t<li><strong>Controle do Colesterol<\/strong>: O HDL, conhecido como &#8216;colesterol bom&#8217;, protege as art\u00e9rias e dificulta a entrada do LDL. O LDL, ou &#8216;colesterol ruim&#8217;, em excesso, pode aumentar o risco de problemas cardiovasculares. Suplementando com nosso \u00d3leo de Abacate, o colesterol ruim ser\u00e1 reduzido, contribuindo para uma melhor sa\u00fade cardiovascular.<\/li>\r\n \t<li><strong>Sa\u00fade Cardiovascular<\/strong>: Ajuda a manter o equil\u00edbrio dos n\u00edveis de colesterol, promovendo a sa\u00fade do cora\u00e7\u00e3o.<\/li>\r\n \t<li><strong>Antioxidante<\/strong>: As vitaminas presentes no \u00f3leo de abacate oferecem prote\u00e7\u00e3o contra os radicais livres, ajudando a prevenir o envelhecimento precoce.<\/li>\r\n \t<li><strong>Melhoria do Metabolismo<\/strong>: Auxilia na absor\u00e7\u00e3o de nutrientes essenciais e na regula\u00e7\u00e3o do metabolismo.<\/li>\r\n<\/ul>\r\n<h3>Dosagem Recomendada<\/h3>\r\nPara obter os melhores resultados, recomenda-se tomar 2 c\u00e1psulas ao dia. Essa dosagem \u00e9 suficiente para ajudar a reduzir o colesterol ruim e proporcionar todos os benef\u00edcios que o \u00d3leo de Abacate Soropower tem a oferecer.\r\n<h3>Qualidade e Seguran\u00e7a<\/h3>\r\nNossos produtos s\u00e3o cuidadosamente selecionados e fabricados com os mais altos padr\u00f5es de qualidade. Garantimos que voc\u00ea est\u00e1 recebendo um produto seguro, eficaz e 100% natural.\r\n<h3>Confian\u00e7a na Marca Soropower<\/h3>\r\nConfie na marca Soropower, do Dr. Kiko do Bem, para fornecer produtos de alta qualidade que promovam sua sa\u00fade e bem-estar. N\u00e3o comprometemos a qualidade de nossos ingredientes, garantindo que voc\u00ea receba o melhor que a natureza tem a oferecer.\r\n\r\nMuito obrigado pela visita e boas compras!\r\n\r\nAtenciosamente,\r\n\r\nJos\u00e9 Francisco Rodrigues (KIKO)\r\nDiretor das Empresas: SOROCOCO, LADIR, SOROPOWER e PHARMENNI\r\n<h3>Redes Sociais<\/h3>\r\nPara mais informa\u00e7\u00f5es e atualiza\u00e7\u00f5es, siga-nos nas redes sociais procurando por &#8220;KIKO DO BEM&#8221; ou &#8220;DRKIKODOBEM&#8221;. Receba dicas de sa\u00fade e bem-estar de quem entende do assunto!\r\n\r\n&#8220;Se semeamos o BEM, n\u00e3o precisamos nos preocupar com o dia de amanh\u00e3.&#8221;\r\nG\u00e1latas Cap\u00edtulo 6 Vers\u00edculo 7","protected":false},"excerpt":{"rendered":"<h1>\u00d3leo de Abacate Soropower 100% Natural \u2013 Pote com 60 C\u00e1psulas<\/h1>\n<h2>Descri\u00e7\u00e3o do Produto<\/h2>\n<p>O \u00d3leo de Abacate Soropower \u00e9 um suplemento natural, elaborado para promover uma sa\u00fade equilibrada e bem-estar geral. Cada pote cont\u00e9m 60 c\u00e1psulas e \u00e9 considerado o melhor do Brasil por sua pureza e efic\u00e1cia.<\/p>\n<h2>Principais Componentes<\/h2>\n<p>O \u00d3leo de Abacate Soropower \u00e9 enriquecido com uma variedade de nutrientes essenciais:<\/p>\n<ul>\n<li><strong>Lecitina<\/strong>: Ajuda na emulsifica\u00e7\u00e3o das gorduras, facilitando a digest\u00e3o e a absor\u00e7\u00e3o.<\/li>\n<li><strong>Beta-Sitosterol<\/strong>: Contribui para a redu\u00e7\u00e3o dos n\u00edveis de colesterol e melhora a sa\u00fade cardiovascular.<\/li>\n<li><strong>\u00d4mega 9<\/strong>: Uma gordura monoinsaturada que apoia a sa\u00fade do cora\u00e7\u00e3o e do c\u00e9rebro.<\/li>\n<li><strong>Vitaminas A, D, E e K<\/strong>: Vitais para diversas fun\u00e7\u00f5es corporais, incluindo a vis\u00e3o, a sa\u00fade dos ossos e o sistema imunol\u00f3gico.<\/li>\n<li><strong>\u00c1cido F\u00f3lico<\/strong>: Importante para a produ\u00e7\u00e3o e manuten\u00e7\u00e3o de novas c\u00e9lulas.<\/li>\n<li><strong>Pot\u00e1ssio<\/strong>: Essencial para a fun\u00e7\u00e3o celular e para manter a press\u00e3o arterial saud\u00e1vel.<\/li>\n<\/ul>\n<h2>Benef\u00edcios para a Sa\u00fade<\/h2>\n<p>O conjunto \u00fanico de nutrientes presentes no \u00d3leo de Abacate faz dele um poderoso aliado na dieta saud\u00e1vel e no controle de diversas condi\u00e7\u00f5es de sa\u00fade:<\/p>\n<ul>\n<li><strong>Controle do Colesterol<\/strong>: Ajuda a reduzir os n\u00edveis de LDL (colesterol ruim) e aumentar os n\u00edveis de HDL (colesterol bom). O HDL protege as art\u00e9rias e impede a entrada do LDL, enquanto o excesso de LDL pode aumentar o risco de problemas cardiovasculares.<\/li>\n<li><strong>Preven\u00e7\u00e3o de Diabetes<\/strong>: Os componentes do \u00f3leo de abacate auxiliam na regula\u00e7\u00e3o dos n\u00edveis de a\u00e7\u00facar no sangue.<\/li>\n<li><strong>Sa\u00fade Cardiovascular<\/strong>: Os \u00e1cidos graxos e o beta-sitosterol melhoram a sa\u00fade do cora\u00e7\u00e3o e ajudam a prevenir doen\u00e7as cardiovasculares.<\/li>\n<li><strong>Suporte ao Sistema Imunol\u00f3gico<\/strong>: As vitaminas e antioxidantes fortalecem o sistema imunol\u00f3gico.<\/li>\n<li><strong>Sa\u00fade da Pele e Cabelo<\/strong>: As vitaminas A e E promovem a sa\u00fade da pele e do cabelo, ajudando na regenera\u00e7\u00e3o celular e na hidrata\u00e7\u00e3o.<\/li>\n<\/ul>\n","protected":false},"featured_media":651,"comment_status":"open","ping_status":"closed","template":"","meta":[],"product_brand":[],"product_cat":[69],"product_tag":[334,180,141,209,335,336,131],"class_list":{"0":"post-649","1":"product","2":"type-product","3":"status-publish","4":"has-post-thumbnail","6":"product_cat-suplementos","7":"product_tag-abacate","8":"product_tag-acido-folico","9":"product_tag-colesterol","10":"product_tag-oleo","11":"product_tag-omega-9","12":"product_tag-potassio","13":"product_tag-vitaminas","15":"first","16":"instock","17":"taxable","18":"shipping-taxable","19":"purchasable","20":"product-type-simple"},"_links":{"self":[{"href":"https:\/\/kikodobem.com\/index.php?rest_route=\/wp\/v2\/product\/649","targetHints":{"allow":["GET"]}}],"collection":[{"href":"https:\/\/kikodobem.com\/index.php?rest_route=\/wp\/v2\/product"}],"about":[{"href":"https:\/\/kikodobem.com\/index.php?rest_route=\/wp\/v2\/types\/product"}],"replies":[{"embeddable":true,"href":"https:\/\/kikodobem.com\/index.php?rest_route=%2Fwp%2Fv2%2Fcomments&post=649"}],"wp:featuredmedia":[{"embeddable":true,"href":"https:\/\/kikodobem.com\/index.php?rest_route=\/wp\/v2\/media\/651"}],"wp:attachment":[{"href":"https:\/\/kikodobem.com\/index.php?rest_route=%2Fwp%2Fv2%2Fmedia&parent=649"}],"wp:term":[{"taxonomy":"product_brand","embeddable":true,"href":"https:\/\/kikodobem.com\/index.php?rest_route=%2Fwp%2Fv2%2Fproduct_brand&post=649"},{"taxonomy":"product_cat","embeddable":true,"href":"https:\/\/kikodobem.com\/index.php?rest_route=%2Fwp%2Fv2%2Fproduct_cat&post=649"},{"taxonomy":"product_tag","embeddable":true,"href":"https:\/\/kikodobem.com\/index.php?rest_route=%2Fwp%2Fv2%2Fproduct_tag&post=649"}],"curies":[{"name":"wp","href":"https:\/\/api.w.org\/{rel}","templated":true}]}}