{"id":716,"date":"2024-06-14T18:17:24","date_gmt":"2024-06-14T18:17:24","guid":{"rendered":"https:\/\/ladir.net\/?post_type=product&#038;p=716"},"modified":"2025-05-07T19:57:36","modified_gmt":"2025-05-07T22:57:36","slug":"andropausal-403mg-30-capsulas","status":"publish","type":"product","link":"https:\/\/kikodobem.com\/?product=andropausal-403mg-30-capsulas","title":{"rendered":"ANDROPAUSAL 403MG 30 C\u00c1PSULAS"},"content":{"rendered":"<div class=\"flex-shrink-0 flex flex-col relative items-end\">\r\n<div>\r\n<div class=\"pt-0.5 juice:pt-0\">\r\n<div class=\"gizmo-bot-avatar flex h-6 w-6 items-center justify-center overflow-hidden rounded-full juice:h-8 juice:w-8\">\r\n<div class=\"relative p-1 rounded-sm flex items-center justify-center bg-token-main-surface-primary text-token-text-primary h-8 w-8\"><\/div>\r\n<\/div>\r\n<\/div>\r\n<\/div>\r\n<\/div>\r\n<div class=\"group\/conversation-turn relative flex w-full min-w-0 flex-col agent-turn\">\r\n<div class=\"flex-col gap-1 md:gap-3\">\r\n<div class=\"flex flex-grow flex-col max-w-full\">\r\n<div class=\"min-h-[20px] text-message flex flex-col items-start whitespace-pre-wrap break-words [.text-message+&amp;]:mt-5 juice:w-full juice:items-end overflow-x-auto gap-2\" dir=\"auto\" data-message-author-role=\"assistant\" data-message-id=\"592d087e-1d1c-45bc-81a9-61df525ff356\">\r\n<div class=\"flex w-full flex-col gap-1 juice:empty:hidden juice:first:pt-[3px]\">\r\n<div class=\"markdown prose w-full break-words dark:prose-invert light\">\r\n\r\n<strong>CIMUFUGA &#8211; Suplemento para Al\u00edvio dos Sintomas da Andropausa<\/strong>\r\n\r\n<strong>Descri\u00e7\u00e3o do Produto<\/strong>\r\n\r\nCIMUFUGA \u00e9 um suplemento destinado ao al\u00edvio dos sintomas pr\u00e9 e p\u00f3s-andropausa masculina, como rubor, ondas de calor, suor excessivo, palpita\u00e7\u00f5es, altera\u00e7\u00f5es depressivas, irritabilidade, mudan\u00e7as no humor e do sono.\r\n\r\n<strong>Composi\u00e7\u00e3o e Benef\u00edcios<\/strong>\r\n<ul>\r\n \t<li><strong>Extrato de Amora:<\/strong> Atua nos sintomas da andropausa, incluindo irritabilidade, ins\u00f4nia, ansiedade, nervosismo, dores musculares, das articula\u00e7\u00f5es e calores excessivos.<\/li>\r\n \t<li><strong>Isoflavona:<\/strong> Ajuda a equilibrar os n\u00edveis hormonais, protege a sa\u00fade dos ossos e previne doen\u00e7as como c\u00e2ncer de pr\u00f3stata, al\u00e9m de possuir propriedades imunoestimulantes e antioxidantes.<\/li>\r\n \t<li><strong>Piperina 3mg para Melhorar a Absor\u00e7\u00e3o:<\/strong> Auxilia na absor\u00e7\u00e3o dos nutrientes, possui propriedades anti-inflamat\u00f3rias e oferece outros benef\u00edcios.<\/li>\r\n<\/ul>\r\n<strong>Modo de Uso<\/strong>\r\n\r\nTomar 1 c\u00e1psula antes das principais refei\u00e7\u00f5es: caf\u00e9, almo\u00e7o e jantar.\r\n\r\n<strong>Mensagem do Diretor<\/strong>\r\n\r\n&#8220;Estou farto de ver a Ind\u00fastria Farmac\u00eautica dificultar tratamentos eficazes\u2026 por valorizar os lucros muito mais do que as vidas.&#8221;\r\n\r\nBY: &#8220;CANAL: SA\u00daDE PERFEITA COM KIKO DO BEM&#8221;\r\n\r\nConfie em CIMUFUGA para encontrar al\u00edvio dos sintomas da andropausa, com uma f\u00f3rmula natural e eficaz.\r\n\r\nMuito obrigado pela visita e boas compras!\r\n\r\nAtenciosamente,\r\n\r\nJos\u00e9 Francisco Rodrigues (KIKO)\r\nDiretor das Empresas: SOROCOCO, LADIR, SOROPOWER, KIKO DO BEM e PHARMENNI\r\n\r\nPara mais informa\u00e7\u00f5es e atualiza\u00e7\u00f5es, siga-nos nas redes sociais procurando por &#8220;KIKO DO BEM&#8221; ou &#8220;DRKIKODOBEM&#8221;.\r\n\r\n&#8220;Se semeamos o BEM, N\u00c3O precisamos nos preocupar com o dia de amanh\u00e3.&#8221;\r\n\r\nB\u00cdBLIA SAGRADA EM G\u00c1LATAS CAP\u00cdTULO 6 VERS\u00cdCULO 7\r\n\r\n<\/div>\r\n<\/div>\r\n<\/div>\r\n<\/div>\r\n<\/div>\r\n<\/div>","protected":false},"excerpt":{"rendered":"<p><strong>CIMUFUGA &#8211; Suplemento para Al\u00edvio dos Sintomas da Andropausa<\/strong><\/p>\n<h3>Descri\u00e7\u00e3o do Produto<\/h3>\n<p>CIMUFUGA \u00e9 um suplemento destinado ao al\u00edvio dos sintomas pr\u00e9 e p\u00f3s-andropausa masculina, como rubor, ondas de calor, suor excessivo, palpita\u00e7\u00f5es, altera\u00e7\u00f5es depressivas, irritabilidade, mudan\u00e7as no humor e do sono.<\/p>\n<h3>Composi\u00e7\u00e3o e Benef\u00edcios<\/h3>\n<ul>\n<li><strong>Extrato de Amora<\/strong>: Atua nos sintomas da andropausa, incluindo irritabilidade, ins\u00f4nia, ansiedade, nervosismo, dores musculares, das articula\u00e7\u00f5es e calores excessivos.<\/li>\n<li><strong>Isoflavona<\/strong>: Ajuda a equilibrar os n\u00edveis hormonais, protege a sa\u00fade dos ossos e previne doen\u00e7as como c\u00e2ncer de pr\u00f3stata, al\u00e9m de possuir propriedades imunoestimulantes e antioxidantes.<\/li>\n<li><strong>Piperina 3mg para Melhorar a Absor\u00e7\u00e3o<\/strong>: Auxilia na absor\u00e7\u00e3o dos nutrientes, possui propriedades anti-inflamat\u00f3rias e oferece outros benef\u00edcios.<\/li>\n<\/ul>\n","protected":false},"featured_media":718,"comment_status":"open","ping_status":"closed","template":"","meta":[],"product_brand":[],"product_cat":[18],"product_tag":[324,280,392,387,389,391,393,388,394,70,390,257],"class_list":{"0":"post-716","1":"product","2":"type-product","3":"status-publish","4":"has-post-thumbnail","6":"product_cat-manipulados","7":"product_tag-anti-inflamatorias","8":"product_tag-antioxidantes","9":"product_tag-cimufuga","10":"product_tag-extrato-de-amora","11":"product_tag-hormonais","12":"product_tag-inflamatorias","13":"product_tag-irritabilidade","14":"product_tag-isoflavona","15":"product_tag-mudancas-no-humor","16":"product_tag-piperina","17":"product_tag-protege","18":"product_tag-sono","20":"first","21":"instock","22":"taxable","23":"shipping-taxable","24":"purchasable","25":"product-type-simple"},"_links":{"self":[{"href":"https:\/\/kikodobem.com\/index.php?rest_route=\/wp\/v2\/product\/716","targetHints":{"allow":["GET"]}}],"collection":[{"href":"https:\/\/kikodobem.com\/index.php?rest_route=\/wp\/v2\/product"}],"about":[{"href":"https:\/\/kikodobem.com\/index.php?rest_route=\/wp\/v2\/types\/product"}],"replies":[{"embeddable":true,"href":"https:\/\/kikodobem.com\/index.php?rest_route=%2Fwp%2Fv2%2Fcomments&post=716"}],"wp:featuredmedia":[{"embeddable":true,"href":"https:\/\/kikodobem.com\/index.php?rest_route=\/wp\/v2\/media\/718"}],"wp:attachment":[{"href":"https:\/\/kikodobem.com\/index.php?rest_route=%2Fwp%2Fv2%2Fmedia&parent=716"}],"wp:term":[{"taxonomy":"product_brand","embeddable":true,"href":"https:\/\/kikodobem.com\/index.php?rest_route=%2Fwp%2Fv2%2Fproduct_brand&post=716"},{"taxonomy":"product_cat","embeddable":true,"href":"https:\/\/kikodobem.com\/index.php?rest_route=%2Fwp%2Fv2%2Fproduct_cat&post=716"},{"taxonomy":"product_tag","embeddable":true,"href":"https:\/\/kikodobem.com\/index.php?rest_route=%2Fwp%2Fv2%2Fproduct_tag&post=716"}],"curies":[{"name":"wp","href":"https:\/\/api.w.org\/{rel}","templated":true}]}}